{"id":1073,"date":"2019-10-21T21:28:42","date_gmt":"2019-10-22T00:28:42","guid":{"rendered":"https:\/\/ifdcpatquia-lrj.infd.edu.ar\/sitio\/?page_id=1073"},"modified":"2019-10-21T21:28:42","modified_gmt":"2019-10-22T00:28:42","slug":"2da-jornada-de-formacion-situada","status":"publish","type":"page","link":"https:\/\/ifdcpatquia-lrj.infd.edu.ar\/sitio\/2da-jornada-de-formacion-situada\/","title":{"rendered":"2da Jornada de Formaci\u00f3n Situada"},"content":{"rendered":"<p><img decoding=\"async\" loading=\"lazy\" class=\"aligncenter size-full wp-image-1075\" src=\"https:\/\/ifdcpatquia-lrj.infd.edu.ar\/sitio\/wp-content\/uploads\/2019\/10\/imagen.png\" alt=\"\" width=\"589\" height=\"168\" \/><\/p>\n<p><strong>Fecha: 15\/05\/2019<\/strong><\/p>\n<p><strong>Hora: 17 hs. A 21:00 Hs.<\/strong><\/p>\n<p><strong>\u00a0<\/strong>EL DIA 15 DE MAYO del corriente a\u00f1o se llev\u00f3 a cabo la segunda jornada de formaci\u00f3n situada donde tuvo como <strong>OBJETIVO: <\/strong>Profundizar la relaci\u00f3n entre la formaci\u00f3n inicial y las caracter\u00edsticas, desaf\u00edos y problemas que presenta la pr\u00e1ctica docente. Donde se trabajaron los siguientes ejes:<\/p>\n<ul>\n<li>Ense\u00f1a y evaluar en el marco de las capacidades profesionales.<\/li>\n<li>Sistematizaci\u00f3n de experiencias y saberes producidos por los formadores.<\/li>\n<\/ul>\n<h3><strong>Por parte de la instituci\u00f3n tuvo los siguientes prop\u00f3sitos <\/strong><\/h3>\n<ul>\n<li>Brindar herramientas te\u00f3ricas conceptuales sobre los ejes en el plan institucional focalizando en el desarrollo de sus l\u00edneas de acci\u00f3n.<\/li>\n<li>Generar espacios de socializaci\u00f3n y reflexi\u00f3n del marco referencial de capacidades profesionales para la formaci\u00f3n docente inicial.<\/li>\n<li>Fomentar la evaluaci\u00f3n del desarrollo de capacidades en la formaci\u00f3n y retroalimentaci\u00f3n en las pr\u00e1cticas de ense\u00f1anza en el I.S.F.D.<\/li>\n<\/ul>\n<p><strong>\u00a0<\/strong><\/p>\n<p><strong>\u00a0<\/strong><\/p>\n<h2 style=\"text-align: center;\"><strong>Apertura de la Jornada<\/strong><\/h2>\n<h2 style=\"text-align: center;\"><strong>1era Actividad compartida docente Estudiante <\/strong><\/h2>\n<p>Bienvenida y presentaci\u00f3n te\u00f3rico- conceptual de los ejes privilegiados en el plan Institucional, parte de la directora.<\/p>\n<p>Luego El jefe del Departamento de Formaci\u00f3n inicial Prof. Paulo Mart\u00ednez profundiz\u00f3 en el desarrollo de la primera acci\u00f3n del Plan de trabajo institucional y primera actividad de la jornada<\/p>\n<p>Para trabajar los ejes se realiz\u00f3 una actividad prevista dentro de nuestro PTI que fue la simulaci\u00f3n de la clase mediante el uso por el Aula digital m\u00f3vil<\/p>\n<p>En primera instancia nuestro profesor de Tics\u00a0 realiz\u00f3 una\u00a0 introducci\u00f3n al uso del ADM<\/p>\n<p>Seguidamente como actividad siguiente, un grupos de profesores simularon una clase de educaci\u00f3n primaria con contenido y consignas para la educaci\u00f3n primaria, que es el nivel para que se est\u00e1n formando.<\/p>\n<p>La clase simulada,(que hab\u00eda quedado como actividad y acuerdo de la jornada anterior)\u00a0 integr\u00f3\u00a0 contenidos de las siguientes \u00e1reas\u00a0 Lengua Matem\u00e1ticas, Cs. Naturales y Cs. Sociales coordinada por el docente de Practica I<\/p>\n<p>En esta clase un profe simulaba ser un docente de educaci\u00f3n primaria y otros docente hac\u00edan de estudiantes de 5to grado (cada uno con su pc)<\/p>\n<p>El objetivo de esta actividad es que los futuros docentes puedan observar c\u00f3mo pueden realizar una clase con las pc.<\/p>\n<p>Una vez realizada la actividad por parte del grupo de docente se llev\u00f3 a cabo una socializaci\u00f3n entre todos si les hab\u00eda servido la experiencia vivida, tanto a profesores como estudiantes<\/p>\n<p>De la parte de los profesores vieron bien esta experiencia debido a que pudieron replantear algunas ideas para la misma actividad que ellos deb\u00edan hacer y todav\u00eda no hab\u00edan cumplido<\/p>\n<p>En cuanto a los estudiantes manifestaron que la micro clase simulada, les proporciono nuevas estrategias y recursos para trabajar con el ADM , pero expresaron\u00a0 que en su formaci\u00f3n no hab\u00edan tenido tantas competencias\u00a0 en el uso de las notebook en cuanto a programas y software\u00a0 ETC, raz\u00f3n por la cual se solicitaron alguna\u00bf taller de capacitaci\u00f3n\u00a0\u00a0 con respecto a programaci\u00f3n animaci\u00f3n\u00a0 y\/o trabajo en red, actividades que puedan desembocar en acciones para el aula<\/p>\n<p><strong>Luego de esta actividad conjunta se dividieron en docentes y estudiantes para trabajar.<\/strong><\/p>\n<p><strong>\u00a0\u00a0\u00a0\u00a0\u00a0\u00a0\u00a0\u00a0\u00a0\u00a0\u00a0\u00a0\u00a0\u00a0\u00a0\u00a0\u00a0\u00a0\u00a0\u00a0\u00a0\u00a0\u00a0\u00a0\u00a0\u00a0\u00a0\u00a0\u00a0\u00a0\u00a0\u00a0\u00a0\u00a0\u00a0\u00a0\u00a0\u00a0\u00a0\u00a0\u00a0\u00a0\u00a0\u00a0\u00a0\u00a0\u00a0\u00a0\u00a0\u00a0\u00a0\u00a0\u00a0\u00a0\u00a0\u00a0\u00a0\u00a0\u00a0\u00a0\u00a0\u00a0\u00a0\u00a0\u00a0\u00a0\u00a0\u00a0\u00a0\u00a0\u00a0\u00a0\u00a0 <\/strong><\/p>\n<h2><strong>2da Actividad Docente<\/strong><\/h2>\n<p>Luego del trabajo realizado por este grupo de formadores (clase con el ADM) los otros docentes realizaron una actividad referida a:<\/p>\n<p>De acuerdo a lo observado en el proyecto que presentaron los profesores\u00a0 de primer a\u00f1o<\/p>\n<ul>\n<li>\u00bfQu\u00e9 capacidades profesionales lograron observar en el mismo?<\/li>\n<li>\u00bfQu\u00e9 capacidades seg\u00fan su criterio estar\u00edan faltando?<\/li>\n<\/ul>\n<p>Ante estos interrogantes manifestaron<\/p>\n<p>&nbsp;<\/p>\n<p><em>DOCENTE. 1: \u2026\u2026.\u201cLas capacidades logradas fueron seg\u00fan Perrenoud: organizar y armar situaciones de aprendizaje, implicar a los alumnos en sus aprendizajes y su trabajo, utilizar las nuevas tecnolog\u00edas y afrontar los deberes y dilemas \u00e9ticos de la profesi\u00f3n.\u201d\u2026\u2026.<\/em><\/p>\n<p><em>DOCENTE 2: \u2026\u2026\u201d se trabaj\u00f3 con\u00a0 Resoluci\u00f3n de problemas por las \u00e1reas integradas y trabajo con otros.\u201d<\/em><\/p>\n<p><em>.<\/em><\/p>\n<p><em>Docente 3: \u201cConsidero que estar\u00eda faltando desarrollar capacidades sobre pensamiento cr\u00edtico\u201d<\/em><\/p>\n<p><em>\u00a0<\/em><\/p>\n<p><strong><em>Y por esto est\u00e1 relacionado con las capacidades:<\/em><\/strong><\/p>\n<ol>\n<li><strong><em> Intervenir en la din\u00e1mica grupal y organizar el trabajo escolar<\/em><\/strong><\/li>\n<\/ol>\n<p><strong><em>(. Establecer y mantener pautas para organizar el trabajo en clase y el desarrollo de las tareas.\u00a0\u00a0 )<\/em><\/strong><\/p>\n<p><strong><em>III. Dirigir la ense\u00f1anza y gestionar la clase<\/em><\/strong><\/p>\n<p><strong><em>(Planificar y utilizar una variedad de recursos y tecnolog\u00edas de ense\u00f1anza y\/o producirlos)<\/em><\/strong><\/p>\n<p><strong><em>\u00a0<\/em><\/strong><\/p>\n<p>En relaci\u00f3n a las capacidades (en su totalidad)\u00a0 trabajadas durante la jornadas, se les pidi\u00f3 dise\u00f1ar un instrumento de evaluaci\u00f3n a los docentes. Dicho instrumento les tendr\u00e1 que\u00a0\u00a0 servir para evaluar las capacidades de los estudiantes durante sus clases para ver si las est\u00e1n logrando adquirir las mismas.<\/p>\n<p>El instrumento a construido Fue una rubrica<\/p>\n<p><img decoding=\"async\" loading=\"lazy\" class=\"aligncenter size-full wp-image-1074\" src=\"https:\/\/ifdcpatquia-lrj.infd.edu.ar\/sitio\/wp-content\/uploads\/2019\/10\/rubrica.png\" alt=\"\" width=\"579\" height=\"435\" \/><\/p>\n<p>&nbsp;<\/p>\n<p>Los docentes propusieron un rubricas seg\u00fan el a\u00f1o de cursado raz\u00f3n\u00a0 por lo cual, para trabajar esto\u00a0 sostuvieron que estar\u00e1 sujeta a modificaciones en cuanto a sus indicadores, debido a las sugerencias realizada por la directora y otros docentes<\/p>\n<h2><strong>2da actividad Estudiantes.\u00a0\u00a0\u00a0\u00a0 <\/strong><\/h2>\n<h3><strong>Consigna de trabajo<\/strong><\/h3>\n<p>Se les entregara en forma de tarjetas las distintas capacidades tantos generales como especificas<\/p>\n<ul>\n<li>Entre todos los estudiantes deber\u00e1n construir en el pizarr\u00f3n con sus tarjetas el marco referencial de capacidades<\/li>\n<li>Luego de Reconocer las capacidades profesionales deber\u00e1n identificar \u00bfcu\u00e1les de esas capacidades est\u00e1n inmersas en sus pr\u00e1cticas seg\u00fan plan de estudio (explicitar cu\u00e1l de ellas estar\u00eda en practica 1 2 3 y 4)<\/li>\n<li>Desde el campo disciplinar, especifica y general (seg\u00fan alguna catedra cursada o cursando) est\u00e1 contribuyendo para que incorpore esas capacidades . Ejemplifique con acciones de su pr\u00e1ctica de aprendizaje lo antes mencionad<\/li>\n<\/ul>\n<p>&nbsp;<\/p>\n<p><strong>Marco referencial de capacidades.\u00a0 <\/strong><\/p>\n<p>Los alumnos lograron construir el marco referencial de capacidades con las tarjetas entregadas.<\/p>\n<p>Los alumnos lograron reconocer las capacidades, haciendo resaltar que los de primer a\u00f1o y segundo aducen que est\u00e1n en el proceso de incorporaci\u00f3n de las mismas y que ellos notan que por parte de los espacios curriculares disciplinares reciben m\u00e1s identificaci\u00f3n.<\/p>\n<p>Los alumnos de tercero y cuarto ellos manifiestan que si poseen la incorporaci\u00f3n casi en su totalidad.<\/p>\n<h2><strong>Socializaci\u00f3n de lo trabajado <\/strong><\/h2>\n<p>De cada grupo docentes y alumnos se realiz\u00f3 una puesta en com\u00fan de lo trabajado<\/p>\n<p>Los docentes comentaron de la r\u00fabrica que utilizar\u00e1n para la evaluaci\u00f3n de las capacidades profesionales de sus alumnos en las clases. Actividad que cada docente presentar\u00e1 en su materia.<\/p>\n<p>Los Estudiantes socializaron lo trabajado a trav\u00e9s de la coordinadora de pol\u00edticas estudiantiles sobre lo trabajado en reconocer e identificar las capacidades profesionales.<\/p>\n<p>Como acuerdos y actividades a desarrollar seg\u00fan lo pactado en esta jornada son el taller de el uso del ADM en cuanto a programaci\u00f3n y software; la culminaci\u00f3n de las actividades de\u00a0 ADM que falta en los curso y la puesta en pr\u00e1ctica de la r\u00fabrica de evaluaci\u00f3n por\u00a0 cada docente<\/p>\n<p>&nbsp;<\/p>\n","protected":false},"excerpt":{"rendered":"<p>Fecha: 15\/05\/2019 Hora: 17 hs. A 21:00 Hs. \u00a0EL DIA 15 DE MAYO del corriente a\u00f1o se llev\u00f3 a cabo la segunda jornada de formaci\u00f3n situada donde tuvo como OBJETIVO: Profundizar la relaci\u00f3n entre la formaci\u00f3n inicial y las caracter\u00edsticas, desaf\u00edos y problemas que presenta la pr\u00e1ctica docente. Donde se trabajaron los siguientes ejes: Ense\u00f1a &#8230; <a title=\"2da Jornada de Formaci\u00f3n Situada\" class=\"read-more\" href=\"https:\/\/ifdcpatquia-lrj.infd.edu.ar\/sitio\/2da-jornada-de-formacion-situada\/\" aria-label=\"More on 2da Jornada de Formaci\u00f3n Situada\">[+]<\/a><\/p>\n","protected":false},"author":125,"featured_media":0,"parent":0,"menu_order":0,"comment_status":"closed","ping_status":"closed","template":"","meta":[],"acf":[],"_links":{"self":[{"href":"https:\/\/ifdcpatquia-lrj.infd.edu.ar\/sitio\/wp-json\/wp\/v2\/pages\/1073"}],"collection":[{"href":"https:\/\/ifdcpatquia-lrj.infd.edu.ar\/sitio\/wp-json\/wp\/v2\/pages"}],"about":[{"href":"https:\/\/ifdcpatquia-lrj.infd.edu.ar\/sitio\/wp-json\/wp\/v2\/types\/page"}],"author":[{"embeddable":true,"href":"https:\/\/ifdcpatquia-lrj.infd.edu.ar\/sitio\/wp-json\/wp\/v2\/users\/125"}],"replies":[{"embeddable":true,"href":"https:\/\/ifdcpatquia-lrj.infd.edu.ar\/sitio\/wp-json\/wp\/v2\/comments?post=1073"}],"version-history":[{"count":1,"href":"https:\/\/ifdcpatquia-lrj.infd.edu.ar\/sitio\/wp-json\/wp\/v2\/pages\/1073\/revisions"}],"predecessor-version":[{"id":1076,"href":"https:\/\/ifdcpatquia-lrj.infd.edu.ar\/sitio\/wp-json\/wp\/v2\/pages\/1073\/revisions\/1076"}],"wp:attachment":[{"href":"https:\/\/ifdcpatquia-lrj.infd.edu.ar\/sitio\/wp-json\/wp\/v2\/media?parent=1073"}],"curies":[{"name":"wp","href":"https:\/\/api.w.org\/{rel}","templated":true}]}}

2da Jornada de Formación Situada

<p><img decoding="async" loading="lazy" class="aligncenter size-full wp-image-1075" src="https://ifdcpatquia-lrj.infd.edu.ar/sitio/wp-content/uploads/2019/10/imagen.png" alt="" width="589" height="168" /></p>
<p><strong>Fecha: 15/05/2019</strong></p>
<p><strong>Hora: 17 hs. A 21:00 Hs.</strong></p>
<p><strong> </strong>EL DIA 15 DE MAYO del corriente año se llevó a cabo la segunda jornada de formación situada donde tuvo como <strong>OBJETIVO: </strong>Profundizar la relación entre la formación inicial y las características, desafíos y problemas que presenta la práctica docente. Donde se trabajaron los siguientes ejes:</p>
<ul>
<li>Enseña y evaluar en el marco de las capacidades profesionales.</li>
<li>Sistematización de experiencias y saberes producidos por los formadores.</li>
</ul>
<h3><strong>Por parte de la institución tuvo los siguientes propósitos </strong></h3>
<ul>
<li>Brindar herramientas teóricas conceptuales sobre los ejes en el plan institucional focalizando en el desarrollo de sus líneas de acción.</li>
<li>Generar espacios de socialización y reflexión del marco referencial de capacidades profesionales para la formación docente inicial.</li>
<li>Fomentar la evaluación del desarrollo de capacidades en la formación y retroalimentación en las prácticas de enseñanza en el I.S.F.D.</li>
</ul>
<p><strong> </strong></p>
<p><strong> </strong></p>
<h2 style="text-align: center;"><strong>Apertura de la Jornada</strong></h2>
<h2 style="text-align: center;"><strong>1era Actividad compartida docente Estudiante </strong></h2>
<p>Bienvenida y presentación teórico- conceptual de los ejes privilegiados en el plan Institucional, parte de la directora.</p>
<p>Luego El jefe del Departamento de Formación inicial Prof. Paulo Martínez profundizó en el desarrollo de la primera acción del Plan de trabajo institucional y primera actividad de la jornada</p>
<p>Para trabajar los ejes se realizó una actividad prevista dentro de nuestro PTI que fue la simulación de la clase mediante el uso por el Aula digital móvil</p>
<p>En primera instancia nuestro profesor de Tics  realizó una  introducción al uso del ADM</p>
<p>Seguidamente como actividad siguiente, un grupos de profesores simularon una clase de educación primaria con contenido y consignas para la educación primaria, que es el nivel para que se están formando.</p>
<p>La clase simulada,(que había quedado como actividad y acuerdo de la jornada anterior)  integró  contenidos de las siguientes áreas  Lengua Matemáticas, Cs. Naturales y Cs. Sociales coordinada por el docente de Practica I</p>
<p>En esta clase un profe simulaba ser un docente de educación primaria y otros docente hacían de estudiantes de 5to grado (cada uno con su pc)</p>
<p>El objetivo de esta actividad es que los futuros docentes puedan observar cómo pueden realizar una clase con las pc.</p>
<p>Una vez realizada la actividad por parte del grupo de docente se llevó a cabo una socialización entre todos si les había servido la experiencia vivida, tanto a profesores como estudiantes</p>
<p>De la parte de los profesores vieron bien esta experiencia debido a que pudieron replantear algunas ideas para la misma actividad que ellos debían hacer y todavía no habían cumplido</p>
<p>En cuanto a los estudiantes manifestaron que la micro clase simulada, les proporciono nuevas estrategias y recursos para trabajar con el ADM , pero expresaron  que en su formación no habían tenido tantas competencias  en el uso de las notebook en cuanto a programas y software  ETC, razón por la cual se solicitaron alguna¿ taller de capacitación   con respecto a programación animación  y/o trabajo en red, actividades que puedan desembocar en acciones para el aula</p>
<p><strong>Luego de esta actividad conjunta se dividieron en docentes y estudiantes para trabajar.</strong></p>
<p><strong>                                                                          </strong></p>
<h2><strong>2da Actividad Docente</strong></h2>
<p>Luego del trabajo realizado por este grupo de formadores (clase con el ADM) los otros docentes realizaron una actividad referida a:</p>
<p>De acuerdo a lo observado en el proyecto que presentaron los profesores  de primer año</p>
<ul>
<li>¿Qué capacidades profesionales lograron observar en el mismo?</li>
<li>¿Qué capacidades según su criterio estarían faltando?</li>
</ul>
<p>Ante estos interrogantes manifestaron</p>
<p>&nbsp;</p>
<p><em>DOCENTE. 1: …….“Las capacidades logradas fueron según Perrenoud: organizar y armar situaciones de aprendizaje, implicar a los alumnos en sus aprendizajes y su trabajo, utilizar las nuevas tecnologías y afrontar los deberes y dilemas éticos de la profesión.”…….</em></p>
<p><em>DOCENTE 2: ……” se trabajó con  Resolución de problemas por las áreas integradas y trabajo con otros.”</em></p>
<p><em>.</em></p>
<p><em>Docente 3: “Considero que estaría faltando desarrollar capacidades sobre pensamiento crítico”</em></p>
<p><em> </em></p>
<p><strong><em>Y por esto está relacionado con las capacidades:</em></strong></p>
<ol>
<li><strong><em> Intervenir en la dinámica grupal y organizar el trabajo escolar</em></strong></li>
</ol>
<p><strong><em>(. Establecer y mantener pautas para organizar el trabajo en clase y el desarrollo de las tareas.   )</em></strong></p>
<p><strong><em>III. Dirigir la enseñanza y gestionar la clase</em></strong></p>
<p><strong><em>(Planificar y utilizar una variedad de recursos y tecnologías de enseñanza y/o producirlos)</em></strong></p>
<p><strong><em> </em></strong></p>
<p>En relación a las capacidades (en su totalidad)  trabajadas durante la jornadas, se les pidió diseñar un instrumento de evaluación a los docentes. Dicho instrumento les tendrá que   servir para evaluar las capacidades de los estudiantes durante sus clases para ver si las están logrando adquirir las mismas.</p>
<p>El instrumento a construido Fue una rubrica</p>
<p><img decoding="async" loading="lazy" class="aligncenter size-full wp-image-1074" src="https://ifdcpatquia-lrj.infd.edu.ar/sitio/wp-content/uploads/2019/10/rubrica.png" alt="" width="579" height="435" /></p>
<p>&nbsp;</p>
<p>Los docentes propusieron un rubricas según el año de cursado razón  por lo cual, para trabajar esto  sostuvieron que estará sujeta a modificaciones en cuanto a sus indicadores, debido a las sugerencias realizada por la directora y otros docentes</p>
<h2><strong>2da actividad Estudiantes.     </strong></h2>
<h3><strong>Consigna de trabajo</strong></h3>
<p>Se les entregara en forma de tarjetas las distintas capacidades tantos generales como especificas</p>
<ul>
<li>Entre todos los estudiantes deberán construir en el pizarrón con sus tarjetas el marco referencial de capacidades</li>
<li>Luego de Reconocer las capacidades profesionales deberán identificar ¿cuáles de esas capacidades están inmersas en sus prácticas según plan de estudio (explicitar cuál de ellas estaría en practica 1 2 3 y 4)</li>
<li>Desde el campo disciplinar, especifica y general (según alguna catedra cursada o cursando) está contribuyendo para que incorpore esas capacidades . Ejemplifique con acciones de su práctica de aprendizaje lo antes mencionad</li>
</ul>
<p>&nbsp;</p>
<p><strong>Marco referencial de capacidades.  </strong></p>
<p>Los alumnos lograron construir el marco referencial de capacidades con las tarjetas entregadas.</p>
<p>Los alumnos lograron reconocer las capacidades, haciendo resaltar que los de primer año y segundo aducen que están en el proceso de incorporación de las mismas y que ellos notan que por parte de los espacios curriculares disciplinares reciben más identificación.</p>
<p>Los alumnos de tercero y cuarto ellos manifiestan que si poseen la incorporación casi en su totalidad.</p>
<h2><strong>Socialización de lo trabajado </strong></h2>
<p>De cada grupo docentes y alumnos se realizó una puesta en común de lo trabajado</p>
<p>Los docentes comentaron de la rúbrica que utilizarán para la evaluación de las capacidades profesionales de sus alumnos en las clases. Actividad que cada docente presentará en su materia.</p>
<p>Los Estudiantes socializaron lo trabajado a través de la coordinadora de políticas estudiantiles sobre lo trabajado en reconocer e identificar las capacidades profesionales.</p>
<p>Como acuerdos y actividades a desarrollar según lo pactado en esta jornada son el taller de el uso del ADM en cuanto a programación y software; la culminación de las actividades de  ADM que falta en los curso y la puesta en práctica de la rúbrica de evaluación por  cada docente</p>
<p>&nbsp;</p>

<p>Fecha: 15/05/2019 Hora: 17 hs. A 21:00 Hs.  EL DIA 15 DE MAYO del corriente año se llevó a cabo la segunda jornada de formación situada donde tuvo como OBJETIVO: Profundizar la relación entre la formación inicial y las características, desafíos y problemas que presenta la práctica docente. Donde se trabajaron los siguientes ejes: Enseña &#8230; <a title="2da Jornada de Formación Situada" class="read-more" href="https://ifdcpatquia-lrj.infd.edu.ar/sitio/2da-jornada-de-formacion-situada/" aria-label="More on 2da Jornada de Formación Situada">[+]</a></p>
